{"id":1758,"date":"2021-07-27T16:13:05","date_gmt":"2021-07-27T14:13:05","guid":{"rendered":"http:\/\/www.improve-etn.eu\/?page_id=1758"},"modified":"2021-07-27T18:20:20","modified_gmt":"2021-07-27T16:20:20","slug":"people","status":"publish","type":"page","link":"https:\/\/www.improve-etn.eu\/index.php\/people\/","title":{"rendered":"People"},"content":{"rendered":"<style>#sp-ea-1759 .spcollapsing { height: 0; overflow: hidden; transition-property: height;transition-duration: 500ms;}#sp-ea-1759.sp-easy-accordion>.sp-ea-single {margin-bottom: 10px; border: 1px solid #5f95db; }#sp-ea-1759.sp-easy-accordion>.sp-ea-single>.ea-header a {color: #496ba8;}#sp-ea-1759.sp-easy-accordion>.sp-ea-single>.sp-collapse>.ea-body {background: #fff; color: #444;}#sp-ea-1759.sp-easy-accordion>.sp-ea-single {background: #eff4fc;}#sp-ea-1759.sp-easy-accordion>.sp-ea-single>.ea-header a .ea-expand-icon { float: right; color: #496ba8;font-size: 16px;}#sp-ea-1759.sp-easy-accordion>.sp-ea-single>.ea-header a .ea-expand-icon {margin-right: 0;}<\/style><div id=\"sp_easy_accordion-1776774840\"><div id=\"sp-ea-1759\" class=\"sp-ea-one sp-easy-accordion\" data-ea-active=\"ea-click\" data-ea-mode=\"vertical\" data-preloader=\"\" data-scroll-active-item=\"\" data-offset-to-scroll=\"0\"><div class=\"ea-card sp-ea-single\"><h3 class=\"ea-header\"><a class=\"collapsed\" id=\"ea-header-17590\" role=\"button\" data-sptoggle=\"spcollapse\" data-sptarget=\"#collapse17590\" aria-controls=\"collapse17590\" href=\"#\" aria-expanded=\"false\" tabindex=\"0\"><i aria-hidden=\"true\" role=\"presentation\" class=\"ea-expand-icon eap-icon-ea-expand-plus\"><\/i> <strong>INGV<\/strong><\/a><\/h3><div class=\"sp-collapse spcollapse spcollapse\" id=\"collapse17590\" data-parent=\"#sp-ea-1759\" role=\"region\" aria-labelledby=\"ea-header-17590\"> <div class=\"ea-body\"><table id=\"tablepress-18\" class=\"tablepress tablepress-id-18\"><tbody class=\"row-hover\"><tr class=\"row-1\"><td class=\"column-1\">Principal Investigator<\/td><td class=\"column-2\"><strong>Paolo Papale<\/strong> (Project Coordinator)<\/td><\/tr><tr class=\"row-2\"><td class=\"column-1\">Management Team<\/td><td class=\"column-2\"><strong>Raffaela Pignolo<\/strong> (Project Manager)<br \/>Massimiliano Cascone, Pamela Gaini, Patrizia Pantani<br \/><\/td><\/tr><tr class=\"row-3\"><td class=\"column-1\">Data Management Team<\/td><td class=\"column-2\">Placido Montalto<br \/>Danilo Reitano<br \/><\/td><\/tr><tr class=\"row-4\"><td class=\"column-1\">External Collaborators<\/td><td class=\"column-2\">Marco Pistolesi (DST, University of Pisa) <\/td><\/tr><tr class=\"row-5\"><td class=\"column-1\">Participants<\/td><td class=\"column-2\">Alessandro Bonforte, Flavio Cannav\u00f2, Giovanni Chiodini, Rosa Anna Corsaro, Simone Colucci, Antonio Costa, Gilda Currenti, Silvio De Angelis, Alessandro Fornaciai, Salvatore Gambino, Deepak Garg, Filippo Greco, Francesco Guglielmino, Alessandro La Spina, Antonella Longo, Chiara Paola Montagna, Eugenio Privitera, Giuseppe Puglisi, Tullio Ricci, Gilberto Saccorotti, Giuseppe Salerno, Piergiorgio Scarlato, Alessandra Sciarra, Jacopo Taddeucci, Luciano Zuccarello<\/td><\/tr><\/tbody><\/table><\/div><\/div><\/div><div class=\"ea-card sp-ea-single\"><h3 class=\"ea-header\"><a class=\"collapsed\" id=\"ea-header-17591\" role=\"button\" data-sptoggle=\"spcollapse\" data-sptarget=\"#collapse17591\" aria-controls=\"collapse17591\" href=\"#\" aria-expanded=\"false\" tabindex=\"0\"><i aria-hidden=\"true\" role=\"presentation\" class=\"ea-expand-icon eap-icon-ea-expand-plus\"><\/i> <strong>UI<\/strong><\/a><\/h3><div class=\"sp-collapse spcollapse spcollapse\" id=\"collapse17591\" data-parent=\"#sp-ea-1759\" role=\"region\" aria-labelledby=\"ea-header-17591\"> <div class=\"ea-body\"><table id=\"tablepress-19\" class=\"tablepress tablepress-id-19\"><tbody class=\"row-hover\"><tr class=\"row-1\"><td class=\"column-1\">Principal Investigator<\/td><td class=\"column-2\"><strong>Magnus Tumi Gudmundsson<\/strong><\/td><\/tr><tr class=\"row-2\"><td class=\"column-1\">Participants<\/td><td class=\"column-2\">Halld\u00f3r Geirsson, Hannah Iona Reynolds, Freysteinn Sigmundsson<br \/><\/td><\/tr><\/tbody><\/table><\/div><\/div><\/div><div class=\"ea-card sp-ea-single\"><h3 class=\"ea-header\"><a class=\"collapsed\" id=\"ea-header-17592\" role=\"button\" data-sptoggle=\"spcollapse\" data-sptarget=\"#collapse17592\" aria-controls=\"collapse17592\" href=\"#\" aria-expanded=\"false\" tabindex=\"0\"><i aria-hidden=\"true\" role=\"presentation\" class=\"ea-expand-icon eap-icon-ea-expand-plus\"><\/i> <strong>DIAS<\/strong><\/a><\/h3><div class=\"sp-collapse spcollapse spcollapse\" id=\"collapse17592\" data-parent=\"#sp-ea-1759\" role=\"region\" aria-labelledby=\"ea-header-17592\"> <div class=\"ea-body\"><table id=\"tablepress-20\" class=\"tablepress tablepress-id-20\"><tbody class=\"row-hover\"><tr class=\"row-1\"><td class=\"column-1\">Principal Investigator<\/td><td class=\"column-2\"><strong>Chris Bean<\/strong><\/td><\/tr><tr class=\"row-2\"><td class=\"column-1\">Participants<\/td><td class=\"column-2\">Ronan Byrne, Ka Lok Li, Mari Longobardi, Huda Mohamed, Meysam Rezaeifar, Patrick Smith<\/td><\/tr><\/tbody><\/table><\/div><\/div><\/div><div class=\"ea-card sp-ea-single\"><h3 class=\"ea-header\"><a class=\"collapsed\" id=\"ea-header-17593\" role=\"button\" data-sptoggle=\"spcollapse\" data-sptarget=\"#collapse17593\" aria-controls=\"collapse17593\" href=\"#\" aria-expanded=\"false\" tabindex=\"0\"><i aria-hidden=\"true\" role=\"presentation\" class=\"ea-expand-icon eap-icon-ea-expand-plus\"><\/i> <strong>LMU<\/strong><\/a><\/h3><div class=\"sp-collapse spcollapse spcollapse\" id=\"collapse17593\" data-parent=\"#sp-ea-1759\" role=\"region\" aria-labelledby=\"ea-header-17593\"> <div class=\"ea-body\"><table id=\"tablepress-21\" class=\"tablepress tablepress-id-21\"><tbody class=\"row-hover\"><tr class=\"row-1\"><td class=\"column-1\">Principal Investigator<\/td><td class=\"column-2\"><strong>Bettina Scheu<\/strong><\/td><\/tr><tr class=\"row-2\"><td class=\"column-1\">Participants<\/td><td class=\"column-2\">Corrado Cimarelli, Don Dingwell, Kai-Uwe Hess, Cristian Montanaro, Jeremie Vasseur<br \/><\/td><\/tr><\/tbody><\/table><\/div><\/div><\/div><div class=\"ea-card sp-ea-single\"><h3 class=\"ea-header\"><a class=\"collapsed\" id=\"ea-header-17594\" role=\"button\" data-sptoggle=\"spcollapse\" data-sptarget=\"#collapse17594\" aria-controls=\"collapse17594\" href=\"#\" aria-expanded=\"false\" tabindex=\"0\"><i aria-hidden=\"true\" role=\"presentation\" class=\"ea-expand-icon eap-icon-ea-expand-plus\"><\/i> <strong>ULANC<\/strong><\/a><\/h3><div class=\"sp-collapse spcollapse spcollapse\" id=\"collapse17594\" data-parent=\"#sp-ea-1759\" role=\"region\" aria-labelledby=\"ea-header-17594\"> <div class=\"ea-body\"><table id=\"tablepress-22\" class=\"tablepress tablepress-id-22\"><tbody class=\"row-hover\"><tr class=\"row-1\"><td class=\"column-1\">Principal Investigator<\/td><td class=\"column-2\"><strong>Michael James<\/strong><\/td><\/tr><tr class=\"row-2\"><td class=\"column-1\">Participants<\/td><td class=\"column-2\">Jennie Gilbert, Stephen Lane, Hugh Tuffen<br \/><\/td><\/tr><\/tbody><\/table><\/div><\/div><\/div><div class=\"ea-card sp-ea-single\"><h3 class=\"ea-header\"><a class=\"collapsed\" id=\"ea-header-17595\" role=\"button\" data-sptoggle=\"spcollapse\" data-sptarget=\"#collapse17595\" aria-controls=\"collapse17595\" href=\"#\" aria-expanded=\"false\" tabindex=\"0\"><i aria-hidden=\"true\" role=\"presentation\" class=\"ea-expand-icon eap-icon-ea-expand-plus\"><\/i> <strong>UNIVBRIS<\/strong><\/a><\/h3><div class=\"sp-collapse spcollapse spcollapse\" id=\"collapse17595\" data-parent=\"#sp-ea-1759\" role=\"region\" aria-labelledby=\"ea-header-17595\"> <div class=\"ea-body\"><table id=\"tablepress-23\" class=\"tablepress tablepress-id-23\"><tbody class=\"row-hover\"><tr class=\"row-1\"><td class=\"column-1\">Principal Investigator<\/td><td class=\"column-2\"><strong>Joachim Gottsmann<\/strong> <\/td><\/tr><tr class=\"row-2\"><td class=\"column-1\">Participants<\/td><td class=\"column-2\">Juliet Biggs, Alison Rust<br \/><\/td><\/tr><\/tbody><\/table><\/div><\/div><\/div><div class=\"ea-card sp-ea-single\"><h3 class=\"ea-header\"><a class=\"collapsed\" id=\"ea-header-17596\" role=\"button\" data-sptoggle=\"spcollapse\" data-sptarget=\"#collapse17596\" aria-controls=\"collapse17596\" href=\"#\" aria-expanded=\"false\" tabindex=\"0\"><i aria-hidden=\"true\" role=\"presentation\" class=\"ea-expand-icon eap-icon-ea-expand-plus\"><\/i> <strong>ISTerre<\/strong><\/a><\/h3><div class=\"sp-collapse spcollapse spcollapse\" id=\"collapse17596\" data-parent=\"#sp-ea-1759\" role=\"region\" aria-labelledby=\"ea-header-17596\"> <div class=\"ea-body\"><table id=\"tablepress-24\" class=\"tablepress tablepress-id-24\"><tbody class=\"row-hover\"><tr class=\"row-1\"><td class=\"column-1\">Principal Investigator<\/td><td class=\"column-2\"><strong>Jean Vandemeulebrouck<\/strong><\/td><\/tr><tr class=\"row-2\"><td class=\"column-1\">Participants<\/td><td class=\"column-2\">Svetlana Byrdina, St\u00e9phane Garambois, Axel Jung, Laurent M\u00e9tral, Ildut Pondaven, Sandrine Roussel, Philippe Roux, Christophe Voisin<\/td><\/tr><\/tbody><\/table><\/div><\/div><\/div><div class=\"ea-card sp-ea-single\"><h3 class=\"ea-header\"><a class=\"collapsed\" id=\"ea-header-17597\" role=\"button\" data-sptoggle=\"spcollapse\" data-sptarget=\"#collapse17597\" aria-controls=\"collapse17597\" href=\"#\" aria-expanded=\"false\" tabindex=\"0\"><i aria-hidden=\"true\" role=\"presentation\" class=\"ea-expand-icon eap-icon-ea-expand-plus\"><\/i> <strong>GFZ<\/strong><\/a><\/h3><div class=\"sp-collapse spcollapse spcollapse\" id=\"collapse17597\" data-parent=\"#sp-ea-1759\" role=\"region\" aria-labelledby=\"ea-header-17597\"> <div class=\"ea-body\"><table id=\"tablepress-26\" class=\"tablepress tablepress-id-26\"><tbody class=\"row-hover\"><tr class=\"row-1\"><td class=\"column-1\">Principal Investigator<\/td><td class=\"column-2\"><strong>Philippe Jousset<\/strong><\/td><\/tr><tr class=\"row-2\"><td class=\"column-1\">Participants<\/td><td class=\"column-2\">Andreas G\u00fcntner, Charlotte Krawczyk, Stephan Schroeder<br \/><\/td><\/tr><\/tbody><\/table><\/div><\/div><\/div><div class=\"ea-card sp-ea-single\"><h3 class=\"ea-header\"><a class=\"collapsed\" id=\"ea-header-17598\" role=\"button\" data-sptoggle=\"spcollapse\" data-sptarget=\"#collapse17598\" aria-controls=\"collapse17598\" href=\"#\" aria-expanded=\"false\" tabindex=\"0\"><i aria-hidden=\"true\" role=\"presentation\" class=\"ea-expand-icon eap-icon-ea-expand-plus\"><\/i> <strong>UGR<\/strong><\/a><\/h3><div class=\"sp-collapse spcollapse spcollapse\" id=\"collapse17598\" data-parent=\"#sp-ea-1759\" role=\"region\" aria-labelledby=\"ea-header-17598\"> <div class=\"ea-body\"><table id=\"tablepress-25\" class=\"tablepress tablepress-id-25\"><tbody class=\"row-hover\"><tr class=\"row-1\"><td class=\"column-1\">Principal Investigator<\/td><td class=\"column-2\"><strong>Maria del Carmen Ben\u00edtez Ort\u00fazar<\/strong><\/td><\/tr><tr class=\"row-2\"><td class=\"column-1\">Participants<\/td><td class=\"column-2\">Luz Garc\u00eda Mart\u00ednez, Jos\u00e9 Camacho P\u00e1ez, Janire Prudencio So\u00f1ora, Isaac \u00c1lvarez Ru\u00edz<\/td><\/tr><\/tbody><\/table><\/div><\/div><\/div><div class=\"ea-card sp-ea-single\"><h3 class=\"ea-header\"><a class=\"collapsed\" id=\"ea-header-17599\" role=\"button\" data-sptoggle=\"spcollapse\" data-sptarget=\"#collapse17599\" aria-controls=\"collapse17599\" href=\"#\" aria-expanded=\"false\" tabindex=\"0\"><i aria-hidden=\"true\" role=\"presentation\" class=\"ea-expand-icon eap-icon-ea-expand-plus\"><\/i> <strong>LV<\/strong><\/a><\/h3><div class=\"sp-collapse spcollapse spcollapse\" id=\"collapse17599\" data-parent=\"#sp-ea-1759\" role=\"region\" aria-labelledby=\"ea-header-17599\"> <div class=\"ea-body\"><table id=\"tablepress-27\" class=\"tablepress tablepress-id-27\"><tbody class=\"row-hover\"><tr class=\"row-1\"><td class=\"column-1\">Principal Investigator<\/td><td class=\"column-2\"><strong>Sigur\u00f0ur H. Mark\u00fasson<\/strong><\/td><\/tr><tr class=\"row-2\"><td class=\"column-1\">Participants<\/td><td class=\"column-2\">Vord\u00eds Eir\u00edksd\u00f3ttir, Anette K. Mortensen, Bjarni P\u00e1lsson<br \/><\/td><\/tr><\/tbody><\/table><\/div><\/div><\/div><div class=\"ea-card sp-ea-single\"><h3 class=\"ea-header\"><a class=\"collapsed\" id=\"ea-header-175910\" role=\"button\" data-sptoggle=\"spcollapse\" data-sptarget=\"#collapse175910\" aria-controls=\"collapse175910\" href=\"#\" aria-expanded=\"false\" tabindex=\"0\"><i aria-hidden=\"true\" role=\"presentation\" class=\"ea-expand-icon eap-icon-ea-expand-plus\"><\/i> <strong>WS<\/strong><\/a><\/h3><div class=\"sp-collapse spcollapse spcollapse\" id=\"collapse175910\" data-parent=\"#sp-ea-1759\" role=\"region\" aria-labelledby=\"ea-header-175910\"> <div class=\"ea-body\"><table id=\"tablepress-28\" class=\"tablepress tablepress-id-28\"><tbody class=\"row-hover\"><tr class=\"row-1\"><td class=\"column-1\">Principal Investigator<\/td><td class=\"column-2\"><strong>Leonardo Coppo<\/strong><\/td><\/tr><tr class=\"row-2\"><td class=\"column-1\">Participants<\/td><td class=\"column-2\">Paolo Aloisi, Silvia Angelini, Eleonora Bulleri, Elisabetta Guerrazzi, Cristiano Maggini, Marco Martini, Caterina Ramaldi, Debora Vanuzzo<\/td><\/tr><\/tbody><\/table><\/div><\/div><\/div><div class=\"ea-card sp-ea-single\"><h3 class=\"ea-header\"><a class=\"collapsed\" id=\"ea-header-175911\" role=\"button\" data-sptoggle=\"spcollapse\" data-sptarget=\"#collapse175911\" aria-controls=\"collapse175911\" href=\"#\" aria-expanded=\"false\" tabindex=\"0\"><i aria-hidden=\"true\" role=\"presentation\" class=\"ea-expand-icon eap-icon-ea-expand-plus\"><\/i> <strong>GSL<\/strong><\/a><\/h3><div class=\"sp-collapse spcollapse spcollapse\" id=\"collapse175911\" data-parent=\"#sp-ea-1759\" role=\"region\" aria-labelledby=\"ea-header-175911\"> <div class=\"ea-body\"><table id=\"tablepress-29\" class=\"tablepress tablepress-id-29\"><tbody class=\"row-hover\"><tr class=\"row-1\"><td class=\"column-1\">Principal Investigator<\/td><td class=\"column-2\"><strong>Sally Mohr<\/strong><\/td><\/tr><tr class=\"row-2\"><td class=\"column-1\">Participants<\/td><td class=\"column-2\"><strong>Philip Hill<\/strong> (Technical Project Responsible)<br \/>Shawn Goessen, Phil Kenna, Neil Watkiss, Will Reis<\/td><\/tr><\/tbody><\/table><\/div><\/div><\/div><\/div><\/div>\n","protected":false},"excerpt":{"rendered":"","protected":false},"author":1,"featured_media":0,"parent":0,"menu_order":0,"comment_status":"closed","ping_status":"closed","template":"","meta":{"footnotes":""},"class_list":["post-1758","page","type-page","status-publish","hentry"],"jetpack_sharing_enabled":true,"_links":{"self":[{"href":"https:\/\/www.improve-etn.eu\/index.php\/wp-json\/wp\/v2\/pages\/1758","targetHints":{"allow":["GET"]}}],"collection":[{"href":"https:\/\/www.improve-etn.eu\/index.php\/wp-json\/wp\/v2\/pages"}],"about":[{"href":"https:\/\/www.improve-etn.eu\/index.php\/wp-json\/wp\/v2\/types\/page"}],"author":[{"embeddable":true,"href":"https:\/\/www.improve-etn.eu\/index.php\/wp-json\/wp\/v2\/users\/1"}],"replies":[{"embeddable":true,"href":"https:\/\/www.improve-etn.eu\/index.php\/wp-json\/wp\/v2\/comments?post=1758"}],"version-history":[{"count":1,"href":"https:\/\/www.improve-etn.eu\/index.php\/wp-json\/wp\/v2\/pages\/1758\/revisions"}],"predecessor-version":[{"id":1760,"href":"https:\/\/www.improve-etn.eu\/index.php\/wp-json\/wp\/v2\/pages\/1758\/revisions\/1760"}],"wp:attachment":[{"href":"https:\/\/www.improve-etn.eu\/index.php\/wp-json\/wp\/v2\/media?parent=1758"}],"curies":[{"name":"wp","href":"https:\/\/api.w.org\/{rel}","templated":true}]}}